 remainder when 397 is divided by 11/11 + (47 - 8).
37
Suppose -123*f + 11205 = -40*f. Suppose 0 = -2*x + 7*x - 115. Calculate the remainder when f is divided by x.
20
Let l(b) = -b**3 - 5*b**2 + 4*b - 3. Let v = 54 - 37. What is the remainder when l(-7) is divided by v?
16
Suppose -166 + 14 = -4*j + 5*f, -j = f - 47. Suppose 0 = 4*b - 0*b - 3*m - 218, 5*m = -b + j. What is the remainder when 157 is divided by b?
51
Calculate the remainder when 2 + 0 - (1 - 14) is divided by ((-6)/(-12) + (-44)/(-8))*1.
3
Let c(n) = 7*n**2 + 14*n - 35. Calculate the remainder when c(3) is divided by 19.
13
Suppose -10*x + 13 = 293. Let s = x - -41. Suppose 0 = -2*t + 21 - 7. Calculate the remainder when s is divided by t.
6
Suppose 0 = 3*s + 5*c - 11 - 20, -s + 2*c + 25 = 0. Calculate the remainder when 48 is divided by s.
14
Let c(f) = 3*f**2 + f - 5. Let j(z) = -21*z - 823. What is the remainder when c(4) is divided by j(-40)?
13
Suppose -24 + 9 = 5*t. Let p(r) = -8*r - 2. Suppose 4*u + 14 - 34 = 0. What is the remainder when p(t) is divided by u?
2
Let q = 441 - 350. Calculate the remainder when q is divided by 21.
7
What is the remainder when 178 is divided by 72/(-96) + (-102)/(-8)?
10
Let p = 75 - -25. Suppose 4*d + 8 = 0, 0 = h - 4*h + 5*d + p. What is the remainder when 119 is divided by h?
29
Let l(q) = q - 2. Suppose 3*a = -5*w - 18, -2*a + 3*w - 12 = -0*w. Let i = 9 + a. Calculate the remainder when 3 is divided by l(i).
0
Let c = -28 + 41. Suppose s = 5*q - 63 - c, -41 = -3*q - 4*s. What is the remainder when 86 is divided by q?
11
Let s = -26 + 26. Suppose s = 2*b - 17 - 35. What is the remainder when b is divided by 9?
8
Suppose -5*t + 3*h + 2 = -1, -3*t + 5*h - 11 = 0. Suppose -37 + 160 = t*k. Calculate the remainder when k is divided by 23.
18
Calculate the remainder when (-129)/3*(13 + -5)/(-4) is divided by 34.
18
Suppose -s = 5*h - 121, -8*h + 6*h + 274 = 2*s. Calculate the remainder when s is divided by 77.
64
Let t = 17 + -5. What is the remainder when 3*184/(-6)*(-2)/8 is divided by t?
11
Let c(r) = -2*r**2 + 2. Let k be c(2). Let h = 0 - k. What is the remainder when 15 is divided by h?
3
Let a(b) = -13*b + 41. What is the remainder when a(-14) is divided by 32?
31
Let h be 0*(-6)/4*4/(-18). Suppose 2*i + i = 5*w - 78, 3*w - 4*i - 49 = h. Calculate the remainder when w is divided by 5.
0
Suppose -3*t = -2*v + 93, -4*t - 39 = 2*v - 3*v. Suppose -c = 2*c - 2*n - 52, 5*c + 3*n - 93 = 0. Calculate the remainder when v is divided by c.
15
Let l(c) = 48*c - 60. What is the remainder when l(5) is divided by (26/(-3))/(2/(-3))?
11
Let r(p) = p**3 - 8*p**2 - 20*p + 55. What is the remainder when 201 is divided by r(10)?
36
Let t be (20/(-12))/((-2)/150). Suppose -t = -2*v + 53. What is the remainder when v is divided by 13?
11
Suppose -207 = -18*v + 15*v. What is the remainder when v is divided by 12?
9
Calculate the remainder when 6/4 + 33959/58 is divided by 59.
56
Suppose -3*y = -4*p - 99, 30*y - 25*y - 3*p - 143 = 0. Calculate the remainder when (6/7)/((-3)/(-168)) is divided by y.
23
What is the remainder when 103 is divided by ((-235)/(-10) - 4)*4/6?
12
Let w(k) = k**2 - 10*k + 29. Let y be w(6). Suppose -p + 2*p + y*s - 27 = 0, 3*s - 12 = 0. What is the remainder when 33 is divided by p?
5
Suppose -4*t = -2*t - 12. Suppose -145 = -t*w + w. What is the remainder when 114 is divided by w?
27
Let n(h) = -12 - 11 + 24 - 10*h - h**2. Calculate the remainder when n(-7) is divided by 5.
2
Let j(r) = 456*r + 37. What is the remainder when j(2) is divided by 38?
37
Let i be (1 - 2)*-1*26. Suppose 4*d = r + i, d = 2*d + 2*r - 2. Suppose 4*u = 22 + d. Calculate the remainder when 26 is divided by u.
5
Suppose 5*q = 2*m - 51, 169*m - 166*m = q + 44. Let o = -105 + 181. Calculate the remainder when o is divided by m.
11
Suppose -3*s = -6*s + 4*u + 29, 2*u + 52 = 4*s. Suppose 0 = 7*q + 548 - 1766. Suppose q = -6*z + 9*z. What is the remainder when z is divided by s?
13
Suppose 21 = 2*s - 13. Suppose 13*t - 15*t = -128. What is the remainder when t is divided by s?
13
Suppose -h + 2*l = -2*h + 11, 0 = -2*h + 2*l + 10. Let w(a) be the first derivative of 3*a**2/2 - a - 2. What is the remainder when w(6) is divided by h?
3
Suppose -3*f + 6 = 0, -4*v = -6*f + 2*f - 104. Calculate the remainder when 82 - (-2 - -1)*-1 is divided by v.
25
Suppose -p + h + 1 = 0, 2*p - 22 = -3*h - 5. Suppose -p*u + 5 + 11 = 0, 0 = -5*z - 2*u + 28. Calculate the remainder when 37 is divided by z.
1
Let b be (-4)/18 + 6/27. Suppose b = -0*t + 2*t - 2*i - 22, -29 = -3*t + 2*i. What is the remainder when (-3 - 1)/(-2) - -11 is divided by t?
6
Suppose -4*a - 2 = 6, -4*a = -3*u + 560. What is the remainder when u is divided by 17?
14
Suppose 2*u - 5 = -2*f + f, 5*u + f - 8 = 0. What is the remainder when 43 is divided by 132/(-18)*(-3)/u?
21
Suppose 5*c - 130 = 5*w, 0 = -c - 2*w - 5 + 31. Calculate the remainder when c is divided by 10.
6
Let t(k) = 2*k**3 + 15*k**2 - 30*k + 6. What is the remainder when t(-9) is divided by 13?
7
Let v = 55 + -45. Suppose -v*l + 72 = -4*l. Calculate the remainder when 104 is divided by l.
8
Suppose -4*u + 54 = -x, 0 = -4*x + u - 140 - 1. Let y = -13 - x. What is the remainder when 101 is divided by y?
17
Suppose 10 = -t + 4*m + 66, -324 = -5*t - 2*m. What is the remainder when 127 is divided by t?
63
Suppose -3*d + 411 = -5*c, 3*d = -c + 146 + 247. Let b = d - 37. Let j(p) = 12*p. What is the remainder when b is divided by j(2)?
23
Suppose 5*v + 20*v = 975. Calculate the remainder when v is divided by 22.
17
Let i be ((-328)/(-6))/(16/(-72)). Let r be (2/(-6))/(2/i). Suppose -67 = -3*o + r. What is the remainder when o is divided by 19?
17
Suppose -6*q - 29 = -2*o - q, 4*q + 26 = 3*o. Suppose 4*z - a + 2*a - 84 = 0, 2*a = -o*z + 36. Calculate the remainder when z is divided by -2*1/(-5) + 812/70.
10
Suppose 0 = o - 3*o + 72. Let k(y) = -23*y + 1545. Calculate the remainder when k(61) is divided by o.
34
Let r(x) = x - 3. Let y be r(8). Let w = 7 - y. Let q(s) = s**2 - 12*s - 43. What is the remainder when q(-3) is divided by w?
0
Let i be (51/(-12))/(2/8). Let u be (-63)/(-1) + 2 + 1. Let a = i + u. Calculate the remainder when a is divided by 13.
10
Let z(w) = -2*w**2 + 2*w. Let d be z(2). Let o = 21 - d. Let t = 946 + -897. What is the remainder when t is divided by o?
24
Let j(d) = 3*d - 5. Let z = -4 - -11. Calculate the remainder when 39 is divided by j(z).
7
Let i be (-54)/(-8)*-2 - (-9)/(-18). Let j(y) = -y**3 + 6*y**2 + 5*y - 7. Let n be j(6). Let r = i + n. Calculate the remainder when 25 is divided by r.
7
Let m(f) = 3*f + 258. What is the remainder when m(-45) is divided by 36?
15
Let r = 34 + -13. Let l = 1062 + -1054. What is the remainder when r is divided by l?
5
Suppose 5*g = -1 + 26. Let h(c) = 2*c**3 - 8*c**2 + 4*c. Suppose x = -26 + 44. Calculate the remainder when h(g) is divided by x.
16
Let p(j) = j + 79. Calculate the remainder when p(-18) is divided by 58.
3
Let i(r) = -r**3 - 8*r**2 - 9*r + 7. Let j be i(-7). Let h = j + -17. What is the remainder when 8 is divided by h*(-4)/(-5 + -3)?
0
Let i = 1290 + -1068. What is the remainder when i is divided by 121?
101
What is the remainder when 55/((-4)/(80/(-5))) is divided by 19?
11
Let u(r) = -r**3 - 5*r + 4. Let t be u(3). Let v = t - -82. Calculate the remainder when v is divided by 2/8 - 2093/(-92).
21
Let k(o) = -2*o + 48. Let a be k(21). Suppose -a*b - 308 = -10*b. Calculate the remainder when b is divided by 27.
23
Let h(k) = -2*k + 21. Let n be h(9). Suppose -4*m + 0*q = -n*q - 100, 4*q - 72 = -2*m. What is the remainder when m is divided by 8?
4
Suppose 4*t - 2*b - 428 = 0, 2*t + 2*b - 4*b - 210 = 0. What is the remainder when t is divided by 40?
29
Suppose 0 = c - 19 + 13. Suppose 0 = k - 0*k - 4*l - c, 4*k - 48 = 4*l. Calculate the remainder when k is divided by 8.
6
Let i(a) = 2*a - 2. Suppose 2*p = -2*f + 8, 5*p = -0*f + f - 4. Suppose 4*s - 68 = 20. Calculate the remainder when s is divided by i(f).
4
Let i = 272 + 78. What is the remainder when i is divided by 9?
8
Suppose 3*g + 6 = 0, -5*k + 5*g - 143 - 132 = 0. Let p = -28 - k. Let o = 40 - 24. Calculate the remainder when p is divided by o.
13
Let c be ((-1)/(-5)*0)/2. Suppose -11*v + 15*v - 112 = c. Calculat